{"id":28,"date":"2012-05-16T09:13:43","date_gmt":"2012-05-16T09:13:43","guid":{"rendered":"http:\/\/www.mbsr.co.at\/?page_id=28"},"modified":"2019-04-07T17:09:43","modified_gmt":"2019-04-07T17:09:43","slug":"impressum","status":"publish","type":"page","link":"https:\/\/www.studiokaron.at\/mbsr\/kontakt-und-anmeldung\/impressum\/","title":{"rendered":"Impressum"},"content":{"rendered":"<h3>Impressum:<\/h3>\n<h4>Medieninhaber und Herausgeber:<\/h4>\n<p>Website von Antje Kirchknopf<\/p>\n<p><a href=\"mailto:office@karonkultur.at\">office@karonkultur.at<\/a><\/p>\n<p>Klesheimstr. 12, 2000 Stockerau, UID Nr.:<br \/>\nATU 56906655, Mobil: 06767019373<br \/>\nRedaktionelle Verantwortung: Antje Kirchknopf<\/p>\n<h4>Webdesign und Realisierung:<\/h4>\n<p>Webdesign: 2012 \u00a9 | <a href=\"http:\/\/www.lenilust.at\" target=\"blank\" rel=\"noopener noreferrer\">Leni Lust<\/a><br \/>\nDiese Website basiert auf dem freien Content Management System <a href=\"http:\/\/wpde.org\/\" target=\"blank\" rel=\"noopener noreferrer\">WordPress<\/a> und verwendet ausschlie\u00dflich OpenSource Module und PlugIns.<\/p>\n<h4>Haftungsausschluss:<\/h4>\n<p>1. Inhalt: Alle Informationen und Erkl\u00e4rungen dieser Internetseiten sind unverbindlich. Der Medieninhaber sowie der Ersteller der Website \u00fcbernehmen f\u00fcr die Richtigkeit, Aktualit\u00e4t und Vollst\u00e4ndigkeit der Inhalte keine Gew\u00e4hr. Es ergeben sich keine Rechtsanspr\u00fcche aus den Inhalten der Internetseiten.<br \/>\nAlle Angebote und Preise sind freibleibend und unverbindlich.<br \/>\nDer Medieninhaber beh\u00e4lt es sich ausdr\u00fccklich vor, Teile der Seiten oder das gesamte Angebot ohne gesonderte Ank\u00fcndigung zu ver\u00e4ndern, zu l\u00f6schen oder die Ver\u00f6ffentlichung zeitweise oder endg\u00fcltig einzustellen.<br \/>\nDer Medieninhaber bzw. Ersteller der Website haftet nicht f\u00fcr Sch\u00e4den, insbesondere nicht f\u00fcr unmittelbare oder mittelbare Folgesch\u00e4den, Datenverlust, entgangenen Gewinn, System- oder Produktionsausf\u00e4llen, die durch die Nutzung dieser Internetseiten oder das Herunterladen von Daten entstehen.<br \/>\nDieser Haftungsausschuss gilt nicht bei Vorsatz oder grober Fahrl\u00e4ssigkeit.<\/p>\n<p>2. Links: Sofern es zumutbar ist, hat sich der Autor \u00fcber den Inhalt der von ihm gelinkten Seiten informiert. Im Zeitpunkt der Linksetzung ist dem Autor nicht bekannt gewesen, dass irgendeine der gelinkten Seiten illegales Material enth\u00e4lt oder enthalten wird. Der Autor hat keinerlei Einfluss auf die zuk\u00fcnftige Gestaltung der gelinkten Seiten. Sollte der Inhalt einer gelinkten Seite illegal werden oder eine illegale Inhalte\/Seiten unterst\u00fctzen, so distanziert sich der Autor hiermit ausdr\u00fccklich. Sollte ein Besucher eine Seite illegalen Inhaltes entdecken, auf die verwiesen wird, so bittet der Autor um eine Mitteilung an die zust\u00e4ndigen Beh\u00f6rden und an ihn. Auch f\u00fcr blosse Sch\u00e4den, die aufgrund der Verlinkung entstehen, haftet der Autor nur bei Vorsatz oder grober Fahrl\u00e4ssigkeit.<\/p>\n<p>3. Copyright: S\u00e4mtliche Inhalte des Autors unterliegen (auch ohne diesen Hinweis) dem Urheberrecht und sind durch dieses gesch\u00e4tzt. Eine auch nur teilweise Ver\u00f6ffentlichung der Inhalte des Autors ist nur mit dessen ausdr\u00fccklicher Zustimmung erlaubt. Es kann vorkommen, dass der Autor Text-, Bild- oder Tonmaterial aus dem Internet verwendet. Falls es sich um Material handelt, dass einem fremdem Copyright unterliegt, so darf dem Autor nicht a priori eine b\u00f6se Absicht unterstellt werden. Es ist vielmehr so, dass sich der Autor \u00fcber ein evtl. vorhandenes Copyright informiert hat bzw. das Material von einer Seite stammt, die ihrerseits den Urheberrechtshinweis entfernt oder ver\u00e4ndert hat. Sollte der Autor ein solches Copyright verletzen, benachrichtigen Sie diesen bitte. Alle auf den Seiten des Autors genannten Markennamen und Warenzeichen sind durch das jeweilige Kennzeichenrecht gesch\u00fctzt. Aufgrund des nicht ausdr\u00fccklichen, individuellen Hinweises auf das jeweilige Kennzeichenrecht darf nicht der Schluss gezogen werden, ein solches Recht existiere nicht.<\/p>\n<p>4. Geltungsbereich: Dieser Haftungsausschluss gilt, sofern anwendbar, f\u00fcr alle Rechtsordnungen. Bei Teilnichtigkeit bleibt die Restg\u00fcltigkeit dieses Dokumentes gegeben. Vereinbarungen und Formulierungen des Autors auf seinen eigenen Seiten sind gegen\u00fcber diesen hier speziell.<\/p>\n","protected":false},"excerpt":{"rendered":"<p>Impressum: Medieninhaber und Herausgeber: Website von Antje Kirchknopf office@karonkultur.at Klesheimstr. 12, 2000 Stockerau, UID Nr.: ATU 56906655, Mobil: 06767019373 Redaktionelle Verantwortung: Antje Kirchknopf Webdesign und Realisierung: Webdesign: 2012 \u00a9 | Leni Lust Diese Website basiert auf dem freien Content Management System WordPress und verwendet ausschlie\u00dflich OpenSource Module und PlugIns. Haftungsausschluss: 1. Inhalt: Alle Informationen und [&hellip;]<\/p>\n","protected":false},"author":1,"featured_media":0,"parent":26,"menu_order":12,"comment_status":"open","ping_status":"open","template":"","meta":{"footnotes":""},"_links":{"self":[{"href":"https:\/\/www.studiokaron.at\/mbsr\/wp-json\/wp\/v2\/pages\/28"}],"collection":[{"href":"https:\/\/www.studiokaron.at\/mbsr\/wp-json\/wp\/v2\/pages"}],"about":[{"href":"https:\/\/www.studiokaron.at\/mbsr\/wp-json\/wp\/v2\/types\/page"}],"author":[{"embeddable":true,"href":"https:\/\/www.studiokaron.at\/mbsr\/wp-json\/wp\/v2\/users\/1"}],"replies":[{"embeddable":true,"href":"https:\/\/www.studiokaron.at\/mbsr\/wp-json\/wp\/v2\/comments?post=28"}],"version-history":[{"count":14,"href":"https:\/\/www.studiokaron.at\/mbsr\/wp-json\/wp\/v2\/pages\/28\/revisions"}],"predecessor-version":[{"id":739,"href":"https:\/\/www.studiokaron.at\/mbsr\/wp-json\/wp\/v2\/pages\/28\/revisions\/739"}],"up":[{"embeddable":true,"href":"https:\/\/www.studiokaron.at\/mbsr\/wp-json\/wp\/v2\/pages\/26"}],"wp:attachment":[{"href":"https:\/\/www.studiokaron.at\/mbsr\/wp-json\/wp\/v2\/media?parent=28"}],"curies":[{"name":"wp","href":"https:\/\/api.w.org\/{rel}","templated":true}]}}